705783 a composite number?
True
Is 1154948341 a composite number?
True
Is 9494989717 prime?
True
Is 4117496893 a composite number?
False
Is 850793137 a composite number?
True
Is 7246801993 a composite number?
False
Is 15815371519 a composite number?
True
Is 4530005297 composite?
False
Is 7844276833 prime?
False
Is 53580783217 composite?
True
Is 41172653 prime?
False
Is 79831815001 composite?
False
Is 12048594211 a prime number?
True
Is 15929925013 a composite number?
True
Is 535993522 composite?
True
Is 317357279 a prime number?
True
Is 2159896643 a composite number?
True
Is 735115663 a prime number?
True
Is 20964237491 a composite number?
False
Is 350944523 a prime number?
True
Is 12331923203 composite?
False
Is 12149255 a prime number?
False
Is 44811444434 a composite number?
True
Is 17617510243 composite?
False
Is 25553441015 prime?
False
Is 85619497879 prime?
True
Is 5845039573 a prime number?
True
Is 429359101 a composite number?
True
Is 217289101 prime?
True
Is 4225578151 a prime number?
True
Is 5331374133 a prime number?
False
Is 47474117711 a composite number?
False
Is 32178439153 a composite number?
True
Is 2228967203 prime?
False
Is 323386781 prime?
True
Is 10082107441 composite?
True
Is 23340199199 prime?
False
Is 84280761077 a prime number?
True
Is 30919094441 a composite number?
False
Is 1995826169 a composite number?
False
Is 64273619 composite?
True
Is 698675447 a prime number?
False
Is 137642340893 a composite number?
True
Is 232297060641 composite?
True
Is 472015716782 a composite number?
True
Is 162433507 prime?
True
Is 4613167101 a composite number?
True
Is 40235350765 prime?
False
Is 6029248619 prime?
True
Is 1548133861 prime?
True
Is 3468639851 composite?
True
Is 21872016721 prime?
False
Is 8025528419 prime?
False
Is 115186802327 a composite number?
False
Is 4589745434 composite?
True
Is 20925304691 prime?
True
Is 1396733281 composite?
False
Is 2255913629 prime?
True
Is 9150443615 prime?
False
Is 243137149 a composite number?
False
Is 69167170913 a composite number?
True
Is 4656220169 composite?
True
Is 271888991 prime?
False
Is 28660925599 prime?
True
Is 25379833513 composite?
True
Is 7295922107 a composite number?
True
Is 37475587 a prime number?
False
Is 829972063 a prime number?
True
Is 22564800913 composite?
True
Is 39049158971 a composite number?
True
Is 17855708597 prime?
True
Is 3567608423 prime?
False
Is 11476707299 prime?
True
Is 21688269927 prime?
False
Is 2237710271 composite?
False
Is 2952386543 prime?
False
Is 53689910597 prime?
False
Is 331169558 composite?
True
Is 119384273 a composite number?
True
Is 8522096207 prime?
False
Is 5923711 composite?
False
Is 920173073 a composite number?
True
Is 234739627 a composite number?
True
Is 4914940027 composite?
True
Is 11866894439 a prime number?
False
Is 64001709169 prime?
False
Is 85278293 a prime number?
True
Is 9748733527 composite?
True
Is 232084841 a composite number?
False
Is 44569132859 composite?
True
Is 3492386717 a composite number?
True
Is 6004827307 composite?
False
Is 11488758847 composite?
True
Is 7209614261 prime?
False
Is 779481679 prime?
False
Is 95345224751 a composite number?
True
Is 8944060735 a prime number?
False
Is 27485674547 a prime number?
True
Is 29098633907 prime?
False
Is 84074581 a prime number?
False
Is 77889040871 a prime number?
True
Is 205931513 composite?
True
Is 1402688577 prime?
False
Is 9904604093 prime?
True
Is 32624100293 prime?
False
Is 50112844543 a composite number?
True
Is 272058871477 prime?
True
Is 20632256101 composite?
False
Is 1960745803 prime?
True
Is 65706068509 prime?
True
Is 3969755827 composite?
False
Is 1079646677 a composite number?
True
Is 490942253 prime?
False
Is 4263452491 prime?
False
Is 678111851 a prime number?
True
Is 19348726835 a composite number?
True
Is 35127010913 a composite number?
True
Is 132116971 a prime number?
False
Is 4389458653 a composite number?
False
Is 499866457 a composite number?
False
Is 1403287583 a composite number?
True
Is 3677907833 composite?
False
Is 11770419679 prime?
True
Is 42439437182 composite?
True
Is 1826196017 prime?
True
Is 13428636791 prime?
True
Is 2056660223 a composite number?
False
Is 655888601 a prime number?
True
Is 7644392927 prime?
True
Is 17582871209 prime?
True
Is 136211491613 a composite number?
False
Is 11360509837 prime?
False
Is 341808571 a composite number?
True
Is 3779413789 a prime number?
False
Is 49418776159 a prime number?
True
Is 161140547977 prime?
True
Is 33824243879 a prime number?
True
Is 1774031509 a composite number?
True
Is 15816827489 a composite number?
True
Is 2273246159 a prime number?
False
Is 55834430417 composite?
False
Is 56445419 composite?
False
Is 12019362539 a composite number?
False
Is 6590245429 composite?
False
Is 3246245809 a composite number?
False
Is 5261808847 composite?
False
Is 47822949943 a prime number?
True
Is 1227671849 composite?
False
Is 2284698193 prime?
True
Is 3837936743 a composite number?
False
Is 811259773 a composite number?
False
Is 4845541643 a composite number?
False
Is 3183831953 a prime number?
False
Is 9961508251 a composite number?
True
Is 4983450569 prime?
False
Is 52711774057 a composite number?
True
Is 1248468139 prime?
True
Is 1903082443 prime?
True
Is 1139651759 prime?
True
Is 1697077297 a composite number?
False
Is 65019637955 prime?
False
Is 228993761 a composite number?
True
Is 2950227197 prime?
True
Is 514345313 composite?
True
Is 22465583359 a composite number?
False
Is 94949268383 a composite number?
True
Is 1016153833 composite?
False
Is 3135312185 composite?
True
Is 452605469 a prime number?
False
Is 172149929 a composite number?
True
Is 39595013 a composite number?
True
Is 339930769 a prime number?
True
Is 612601403 composite?
False
Is 4448797343 composite?
True
Is 7031994821 composite?
True
Is 2633358647 a composite number?
True
Is 40829718443 a prime number?
True
Is 66429547477 a prime number?
True
Is 338694949 a prime number?
False
Is 6255465803 a composite number?
False
Is 18656862851 composite?
True
Is 1109148791 a composite number?
True
Is 5830459603 prime?
False
Is 634725353 prime?
True
Is 8266316937 a composite number?
True
Is 5684329447 prime?
False
Is 2434798705 composite?
True
Is 134756063 prime?
False
Is 5922616019 composite?
False
Is 1107358159 a composite number?
False
Is 9452383429 composite?
False
Is 18809672569 composite?
False
Is 5437132705 composite?
True
Is 405422011 composite?
False
Is 12075992891 composite?
True
Is 1123404769 prime?
True
Is 36950281 prime?
True
Is 3173067607 composite?
False
Is 45977419417 a prime number?
True
Is 3175260271 prime?
True
Is 18562905799 a composite number?
False
Is 4369493363 a prime number?
False
Is 44557500773 composite?
True
Is 231743815253 a composite number?
True
Is 57029046671 composite?
True
Is 4557042597 a composite number?
True
Is 2716105123 a composite number?
False
Is 1246709293 a prime number?
True
Is 167614997 a prime number?
False
Is 46423344713 a composite number?
True
Is 44710311079 prime?
False
Is 2217119999 composite?
False
Is 26650335679 prime?
False
Is 10353376003 composite?
False
Is 103490873 a prime number?
True
Is 2522358013 composite?
True
Is 1219938271 composite?
True
Is 13673765057 composite?
True
Is 231329867 a composite number?
False
Is 150560995691 composite?
False
Is 10706552929 prime?
False
Is 1146565313 prime?
False
Is 29973364199 prime?
True
Is 974054839 a prime number?
True
Is 857335603 prime?
False
Is 13786180361 prime?
True
Is 974403839 prime?
True
Is 26961281791 composite?
False
Is 15269747827 a prime number?
False
Is 13621248398 prime?
False
Is 1195169051 prime?
True
Is 177909779 a composite number?
False
Is 6712569463 a prime number?
False
Is 13795458671 composite?
True
Is 4512659329 composite?
True
Is 10454038918 prime?
False
Is 739293293 prime?
True
Is 287871049 prime?
True
Is 5304169907 a composite number?
True
Is 496274089 a prime number?
False
Is 1773215645 prime?
False
Is 53235598778 composite?
True
Is 8528432285 a composite number?
True
Is 2741753461 a composite number?
True
Is 140565602 composite?
True
Is 26573277517 a composite number?
True
Is 2839939259 a prime number?
True
Is 33052682809 composite?
True
Is 7882752307 composite?
True
Is 215302458485 a composite number?
True
Is 215